{"id":812,"date":"2023-07-24T22:50:14","date_gmt":"2023-07-24T22:50:14","guid":{"rendered":"https:\/\/testv32.demowebsitelinks.com\/ayamediaWP\/?post_type=product&#038;p=812"},"modified":"2023-08-07T21:53:34","modified_gmt":"2023-08-07T21:53:34","slug":"gobezay","status":"publish","type":"product","link":"https:\/\/testv32.demowebsitelinks.com\/ayamediaWP\/product\/gobezay\/","title":{"rendered":"Gobezay"},"content":{"rendered":"<ul>\n<li>Language\n<div> Amharic, Oromifa, Tigrigna<\/div>\n<\/li>\n<li>Book Format\n<div>Digital, Print<\/div>\n<\/li>\n<li>Book-author\n<div>Alula Teklu<\/div>\n<\/li>\n<li>Pages\n<div>44<\/div>\n<\/li>\n<li>Publisher\n<div>Ayay Books<\/div>\n<\/li>\n<li>Year Published\n<div>2021<\/div>\n<\/li>\n<\/ul>\n","protected":false},"excerpt":{"rendered":"<p>Gobezay is Higush\u2019s dog and his best friend. He has a great friendship with the entire family, but when the 1990s Tigrayan civil war breaks out, what will they do with Gobezay, the dog?<\/p>\n<p>Gobezay est le chien de Higush et son meilleur ami. Il entretient une grande amiti\u00e9 avec toute la famille, mais lorsque la guerre civile tigr\u00e9enne des ann\u00e9es 1990 \u00e9clatera, que feront-ils de Gobezay, le chien ?<\/p>\n","protected":false},"author":1,"featured_media":813,"comment_status":"open","ping_status":"closed","template":"","meta":{"_bbp_topic_count":0,"_bbp_reply_count":0,"_bbp_total_topic_count":0,"_bbp_total_reply_count":0,"_bbp_voice_count":0,"_bbp_anonymous_reply_count":0,"_bbp_topic_count_hidden":0,"_bbp_reply_count_hidden":0,"_bbp_forum_subforum_count":0},"product_cat":[33,23,24,34,32],"product_tag":[],"class_list":["post-812","product","type-product","status-publish","has-post-thumbnail","hentry","product_cat-amharic","product_cat-drama","product_cat-family","product_cat-oromifa","product_cat-tigrigna","pa_language-amharic","pa_language-oromifa","pa_language-tigrigna"],"_links":{"self":[{"href":"https:\/\/testv32.demowebsitelinks.com\/ayamediaWP\/wp-json\/wp\/v2\/product\/812","targetHints":{"allow":["GET"]}}],"collection":[{"href":"https:\/\/testv32.demowebsitelinks.com\/ayamediaWP\/wp-json\/wp\/v2\/product"}],"about":[{"href":"https:\/\/testv32.demowebsitelinks.com\/ayamediaWP\/wp-json\/wp\/v2\/types\/product"}],"author":[{"embeddable":true,"href":"https:\/\/testv32.demowebsitelinks.com\/ayamediaWP\/wp-json\/wp\/v2\/users\/1"}],"replies":[{"embeddable":true,"href":"https:\/\/testv32.demowebsitelinks.com\/ayamediaWP\/wp-json\/wp\/v2\/comments?post=812"}],"wp:featuredmedia":[{"embeddable":true,"href":"https:\/\/testv32.demowebsitelinks.com\/ayamediaWP\/wp-json\/wp\/v2\/media\/813"}],"wp:attachment":[{"href":"https:\/\/testv32.demowebsitelinks.com\/ayamediaWP\/wp-json\/wp\/v2\/media?parent=812"}],"wp:term":[{"taxonomy":"product_cat","embeddable":true,"href":"https:\/\/testv32.demowebsitelinks.com\/ayamediaWP\/wp-json\/wp\/v2\/product_cat?post=812"},{"taxonomy":"product_tag","embeddable":true,"href":"https:\/\/testv32.demowebsitelinks.com\/ayamediaWP\/wp-json\/wp\/v2\/product_tag?post=812"}],"curies":[{"name":"wp","href":"https:\/\/api.w.org\/{rel}","templated":true}]}}