{"id":612,"date":"2023-07-14T23:48:54","date_gmt":"2023-07-14T23:48:54","guid":{"rendered":"https:\/\/testv32.demowebsitelinks.com\/ayamediaWP\/?post_type=product&#038;p=612"},"modified":"2023-08-07T22:21:12","modified_gmt":"2023-08-07T22:21:12","slug":"mereb","status":"publish","type":"product","link":"https:\/\/testv32.demowebsitelinks.com\/ayamediaWP\/product\/mereb\/","title":{"rendered":"Mereb"},"content":{"rendered":"<ul>\n<li>Book-author\n<div>Alula Teklu<\/div>\n<\/li>\n<li>Language\n<div> Tigrigna, English, French, Kiswahili<\/div>\n<\/li>\n<li>Pages\n<div>34<\/div>\n<\/li>\n<li>Publisher\n<div>Ayay Books<\/div>\n<\/li>\n<li>Book Format\n<div>Digital, Print<\/div>\n<\/li>\n<\/ul>\n","protected":false},"excerpt":{"rendered":"<p>Tifito and Hidat are friends born on each side of the river, Mereb. When the border war between Eritrean and Ethiopia erupted, they were separated. Will they stay separated or manage to find each other?<\/p>\n<p>Comment entretenir une amiti\u00e9 pendant un conflit ou une guerre ? Les recherchez-vous physiquement des ann\u00e9es plus tard ? Utilisez-vous les plateformes de m\u00e9dias sociaux actuelles pour les trouver ? Leur \u00e9crivez-vous des lettres et esp\u00e9rez-vous qu\u2019ils habitent au m\u00eame endroit? Cette histoire se concentre sur la fa\u00e7on dont deux jeunes essaient de maintenir leur amiti\u00e9 dans des moments difficiles.<\/p>\n","protected":false},"author":1,"featured_media":753,"comment_status":"open","ping_status":"closed","template":"","meta":{"_bbp_topic_count":0,"_bbp_reply_count":0,"_bbp_total_topic_count":0,"_bbp_total_reply_count":0,"_bbp_voice_count":0,"_bbp_anonymous_reply_count":0,"_bbp_topic_count_hidden":0,"_bbp_reply_count_hidden":0,"_bbp_forum_subforum_count":0},"product_cat":[33,35,24,36,26,38,44,32],"product_tag":[],"class_list":["post-612","product","type-product","status-publish","has-post-thumbnail","hentry","product_cat-amharic","product_cat-english","product_cat-family","product_cat-french","product_cat-history","product_cat-kiswahili","product_cat-specific","product_cat-tigrigna"],"_links":{"self":[{"href":"https:\/\/testv32.demowebsitelinks.com\/ayamediaWP\/wp-json\/wp\/v2\/product\/612","targetHints":{"allow":["GET"]}}],"collection":[{"href":"https:\/\/testv32.demowebsitelinks.com\/ayamediaWP\/wp-json\/wp\/v2\/product"}],"about":[{"href":"https:\/\/testv32.demowebsitelinks.com\/ayamediaWP\/wp-json\/wp\/v2\/types\/product"}],"author":[{"embeddable":true,"href":"https:\/\/testv32.demowebsitelinks.com\/ayamediaWP\/wp-json\/wp\/v2\/users\/1"}],"replies":[{"embeddable":true,"href":"https:\/\/testv32.demowebsitelinks.com\/ayamediaWP\/wp-json\/wp\/v2\/comments?post=612"}],"wp:featuredmedia":[{"embeddable":true,"href":"https:\/\/testv32.demowebsitelinks.com\/ayamediaWP\/wp-json\/wp\/v2\/media\/753"}],"wp:attachment":[{"href":"https:\/\/testv32.demowebsitelinks.com\/ayamediaWP\/wp-json\/wp\/v2\/media?parent=612"}],"wp:term":[{"taxonomy":"product_cat","embeddable":true,"href":"https:\/\/testv32.demowebsitelinks.com\/ayamediaWP\/wp-json\/wp\/v2\/product_cat?post=612"},{"taxonomy":"product_tag","embeddable":true,"href":"https:\/\/testv32.demowebsitelinks.com\/ayamediaWP\/wp-json\/wp\/v2\/product_tag?post=612"}],"curies":[{"name":"wp","href":"https:\/\/api.w.org\/{rel}","templated":true}]}}